) + (-4 - 2).
-8
What is (-11 - -4) + 0 + 6?
-1
Calculate -2 - (-9 + 2) - (-5 + 9).
1
(-20 - -19) + 3 + -1
1
What is 1 - (6 + -10) - 7?
-2
Calculate -1 - 3 - (11 - 6 - 13).
4
What is the value of -4 + 0 - (10 - 13)?
-1
What is the value of (-2 - 0) + 1 + 85 + -85?
-1
Calculate 2 + -3 + -1 + 2 - 0.
0
Calculate -3 + 2 + 1 + -2.
-2
Calculate -11 - (-9 - (13 + -13)).
-2
What is the value of 19 - 21 - (-6 + 0)?
4
Calculate -11 + 14 + (3 - -1) + -10.
-3
-1 + -2 + (8 - 1)
4
What is -5 - -5 - (-4 + (-4 - -3))?
5
Calculate 9 + -4 + (-6 - -6).
5
What is the value of 4 - (7 + -3 + -2)?
2
Evaluate -4 + -10 + 17 + 2.
5
-8 + 11 + (-1 - -2)
4
What is the value of (1 - -2) + (5 - 4)?
4
What is the value of -4 + ((-5 - -2) + 5 - -5)?
3
Calculate 0 - (0 - 3) - 2.
1
Calculate -13 + (4 - -2 - -4).
-3
Calculate -3 - (7 + -8 - 2).
0
What is the value of -17 - (-15 - (2 + -5))?
-5
Evaluate -8 + -2 + 3 + -14 + 19.
-2
-4 - -10 - 10 - -7
3
-2 - (2 - 1 - -4)
-7
What is the value of -2 + 1 + -1 + -7 + 10?
1
What is the value of -4 + (12 - 9 - 5)?
-6
What is (2 - 1) + (13 - (5 + 4))?
5
What is the value of -2 - (2 - (7 - 5))?
-2
What is the value of 2 + (-9 - -1) - -4?
-2
Evaluate 23 - (-3 + (2 - -14)).
10
What is the value of 0 - (3 - (-1 - -10) - -3)?
3
0 + (2 - (1 - (3 + -4)))
0
What is the value of (1 - 0) + 4 - (1 + 8)?
-4
-8 + 7 + 9 - 12
-4
Calculate -4 + (-4 + -3 + 2 - -4).
-5
Evaluate -1 + 4 - (4 - 9) - 4.
4
Evaluate 5 - (2 - 5) - (7 + -4).
5
What is the value of 0 + 0 + 3 - (-37 + 36)?
4
Calculate -1 + -9 + 20 + -3.
7
-8 + (4 - 4) + 5
-3
What is 1 + (4 - -1) - 2?
4
What is 0 - -2 - (4 - (-9 + 11))?
0
(1 - (1 + -5)) + 2 - 7
0
6 + (-5 - -11 - 12)
0
Evaluate 0 + 3 - (-1 - 1).
5
Evaluate 1 - (46 + -39 + -1 + -1).
-4
What is the value of 1 + -4 + (-5 - -9) + 7?
8
What is 1 + 1 + 6 + -9?
-1
What is (3 - (0 + 2)) + (-8 - -12)?
5
Evaluate -5 + (-4 - (-1 + 0 + -4)).
-4
What is the value of -3 + 6 + -3 + 1 + -4?
-3
Calculate 1 + (-5 - 2) + 4.
-2
Evaluate (-5 - 1) + (-6 - -7).
-5
Calculate (2 - 1) + -13 + 10.
-2
What is 1 + (0 + 3 + -2 - 6)?
-4
What is the value of (-21 - -18) + 1 + 1?
-1
Evaluate (2 - 7) + 10 + -12.
-7
4 + 1 + 13 + -14
4
What is (-1 - -10) + -1 + -13?
-5
What is (6 - (5 - 7)) + -4?
4
What is the value of 6 + (19 - 14 - (-1 + 5))?
7
Calculate -1 + 4 - (3 + -1 + 2).
-1
Evaluate -6 - (0 + -10 + -1) - 1.
4
What is the value of 13 - ((-15 - -7) + 13)?
8
Calculate 3 + (0 - 0) + -3.
0
Calculate -23 + (17 - -7) + (-1 - 6).
-6
Evaluate -1 - (-5 - -4 - (4 - 1)).
3
What is 1 + -3 + (-20 - -27)?
5
Calculate (2 + -14 - -4) + 6.
-2
Evaluate -11 - 1 - -9 - (-1 - -1).
-3
What is -10 + 15 + -10 + -1?
-6
Evaluate 12 - (0 - (-14 - -7)) - 2.
3
Calculate (5 - 2) + -3 + 5.
5
1 - -1 - (-4 - (-2 + -4))
0
What is the value of -7 - (-10 - 14 - -13)?
4
Evaluate (-17 - (-17 - -6)) + 7.
1
Evaluate -5 + (1 - ((9 - 4) + -10)).
1
Calculate -3 + (2 - -3) + -2.
0
Calculate ((8 - 3) + -4 - -1) + -3.
-1
Calculate -7 - (1 + (-2 - 2)).
-4
What is the value of (3 - 6) + (-6 - -5) + -3?
-7
What is the value of -1 - (-1 + (-3 - -2) + 1)?
0
Calculate 15 - (-10 - -3) - 7 - 7.
8
-3 + (-4 - -4 - -1) + 7
5
Calculate (3 - (0 - -2) - 7) + 2.
-4
Calculate 7 + 3 + (-2 - 13).
-5
What is -6 + 2 + 11 + -13?
-6
Calculate -7 - (5 - 11) - 2 - -6.
3
0 + (1 - -3 - 6)
-2
Evaluate -3 + 8 + (1 - 4).
2
What is -3 - (-4 + 9 + -5)?
-3
What is the value of 0 + (-3 + -1 - (-1 + -7))?
4
Evaluate -3 - ((1 - (1 + 0)) + -3).
0
What is the value of (0 - -4 - (-7 + 6)) + -3?
2
Calculate 6 + (-11 + 8 - -3) - 7.
-1
Calculate -13 - (-2 - ((5 - -3) + -4)).
-7
What is the value of 0 + (-11 - 0 - -8)?
-3
Evaluate -1 + -7 + 8 + -10.
-10
What is -7 - -6 - (-4 + 8)?
-5
What is the value of 12 + -5 - (4 - 2)?
5
Calculate -12 + (-1 - 8) + 13.
-8
Evaluate 6 + 8 + -14 + 4.
4
Calculate -8 + 5 + -2 + 2.
-3
What is -3 - (2 - -2 - 9)?
2
What is (7 - (1 - -3)) + -4?
-1
Evaluate (-12 - -1) + 4 + 9.
2
What is the value of -1 + 3 + -1 - -8?
9
-12 - ((0 - 7) + 2)
-7
Evaluate -4 + (-3 + 13 - -2) + -7.
1
Calculate 0 + 1 + (-1 + 0 - 0).
0
Calculate 6 - (2 + -4 + -6 + 13).
1
Evaluate -3 - -10 - (-3 - -8).
2
3 + 1 + 7 + -6
5
What is (11 - (2 - (-3 - -1))) + -3?
4
Evaluate -4 - 1 - (-4 + 21 + -14).
-8
Calculate -50 - -56 - (-1 + 11).
-4
What is the value of 2 + 4 + -2 + 1 + -1?
4
What is the value of -2 + -3 + -6 - -7?
-4
Evaluate 4 - (-6 - -4 - -5) - 3.
-2
Evaluate 0 - (8 + -2 + 4) - -5.
-5
Calculate (-17 - -1 - -1) + (175 - 168).
-8
Calculate (5 - 7) + 7 + -11.
-6
What is (2 - 0) + (-9 - -8) + 4?
5
What is 5 - (0 - 1 - (-4 + -2))?
0
Calculate 8 - -3 - (-2 - -9).
4
Evaluate 5 - ((-4 - -4) + 8).
-3
-3 - 2 - (-8 - -2) - -5
6
(-3 + -1 - -2) + (4 - 8)
-6
Evaluate (6 - 15) + (-1 - -3) + 2.
-5
Calculate 18 + (-13 - -6) + 4 + -7.
8
Calculate -1 + 1 + 5 + -3.
2
-8 - (-7 + 2) - -3
0
Calculate 2 + -6 - (-67 + 57).
6
-3 - (-2 - -5) - -5
-1
Calculate (-6 + (1 - 2) - -8) + -8.
-7
Calculate -74 + 78 + (-10 - -1) + 0.
-5
What is 8 + 0 - (22 + -18)?
4
What is the value of (-3 - (0 - 1)) + -35 + 34?
-3
What is -3 - (8 - (4 - -1))?
-6
What is the value of -1 + (5 - (7 - 3 - 1))?
1
Calculate -11 - (-3 + -2) - -3.
-3
What is -2 - ((-6 - (5 + -8)) + 7)?
-6
Evaluate 71 + -77 + (9 - -1).
4
What is the value of (8 - 10) + 13 - 4?
7
Calculate -9 + (8 - -1) + (-2 - 3).
-5
Evaluate -23 - -23 - (1 - 6).
5
-9 + 10 + 6 - 2
5
Evaluate (1 + 1 + 0 - 0) + -5.
-3
Evaluate 0 + (-3 - (1 - 2)) - 3.
-5
What is -6 + 8 + -7 + 5?
0
-10 + 1 - (-84 + 83)
-8
What is the value of 2 - (-3 + -7 + -1 + 6)?
7
What is the value of (-3 - -4 - -4) + -5?
0
Evaluate 6 + -1 + -17 + 10.
-2
Calculate -11 - -9 - (-1 - 3).
2
What is the value of 1 + -1 + 1 + -1 + 3?
3
What is the value of -2 + 1 + -3 + 8?
4
-2 - (0 + 5 + -2 + 0)
-5
What is 4 - (7 - (-2 + -1))?
-6
What is the value of 10 - (15 - 6 - 1)?
2
(-1 - 5) + -1 + 5 + 6
4
Calculate 3 + -1 - -12 - (3 - -4).
7
-1 - (-6 + -2 + 5)
2
What is the value of -3 - (24 - 31 - (-1 + -1))?
2
0 + (0 - 7 - -3)
-4
What is 11 + (-11 - -7) - 4?
3
What is the value of 1 + 3 + (11 - 14)?
1
Evaluate (7 - 8 - 0) + 2.
1
Calculate (2 - (2 + 1)) + -3.
-4
3 + -9 + 3 + 0 + -1
-4
Calculate 1 - (1 + 6 + (1 - 5)).
-2
Calculate (-1 - (-7 + 5) - -4) + -1.
4
What is the value of 7 + 4 + -7 - -4?
8
What is 0 - -1 - -2 - (13 + -8)?
-2
What is the value of 17 - (-12 - -19) - 18?
-8
Evaluate 0 - (4 + 0 - (-1 - -9)).
4
Calculate -4 - -3 - 3 - -3.
-1
What is the value of -2 - 2 - -5 - (-2 + -3)?
6
What is the value of -3 - (-7 + 4) - (2 - -2)?
-4
What is 6 + -2 + (-3 - -3)?
4
What is the value of -5 + -5 + 6 + 1?
-3
What is the value of (-1 - -1 - -6) + -17 + 12?
1
Evaluate (2 - (-4 + 1 - -1)) + -2.
2
What is (20 - 21) + -3 + -3 + 0?
-7
0 + 6 + -4 - (-10 - -3)
9
Evaluate 0 - (4 + (2 - (12 + -4))).
2
1 - (-7 + 2 - -12)
-6
What is the value of -1 + 14 + -5 - 10?
-2
Calculate -5 + (0 - (2 + -6 - 2)).
1
What is the value of -6 + 6 + -4 + 0 + 1?
-3
What is 1 - 0 - (-13 + 5 + 3)?
6
Calculate 32 - 31 - (0 + (-2 - -1)).
2
What is -7 - -9 - (-2 + 0 + 5)?
-1
Calculate (9 - 6 - 4) + 5 + -6.
-2
Evaluate -9 - (-22 + 12 - (-1 + -3)).
-3
What is 1 + -1 + -9 + 10 + -1?
0
What is the value of -7 + (6 - (7 + -5))?
-3
Evaluate -2 + -2 + -4 + 8.
0
1 + (-1 - 4) + 0 - -8
4
Calculate 0 + (-3 - -4) + 4 + -1.
4
-4 + 17 + -9 - 1
3
What is the value of (5 - (11 + -16)) + -6?
4
Evaluate (2 - 0 - 4) + 4.
2
What is -2 + 2 + -7 + 5?
-2
Calculate -6 - 0 - (7 + -16).
3
Evaluate 8 + (-13 + 0 - -4).
-1
Calculate 6 - (5 - (2 - -2)).
5
Calculate 4 - -1 - (-2 + 4 - -7).
-4
Calculate (-5 - 18) + 10 - -12.
-1
What is -4 + (-2 + 2 - 0)?
-4
Evaluate -7 + (6 - 12 - -10 - -4).
1
Calculate (-2 - 0) + 1 - (128 + -124).
-5
What is (2 + -3 - -5) + 3 + -5?
2
Evaluate 2 - 0 - (4 + 1 + -3).
0
What is 4 + (-3 - -1) - 9?
-7
What is the value of -2 + 15 + -9 + (-1 - 2)?
1
What is the value of -2 - (3 - 3) - (-8 - -1)?
5
What is the value of 5 + 1 + 0 - (2 + 1)?
3
Calculate 4 + 0 + (151 - 149).
6
Calculate 4 - (12 - (-4 - (-4 - 3))).
-5
Calculate 19 + -34 - (-7 - 1).
-7
What is (2 - 1) + 8 + (1 - 5)?
5
Calculate -1 - (-6 - (0 - 10)) - -3.
-2
2 + -8 + 6 + -1
-1
-2 - (-13 - (-11 - -5))
5
Calculate (-10 - (-11 + 1 + 5)) + -1.
-6
Calculate -12 + 0 + 8 - -5.
1
Calculate -31 + 41 + 2 + -1 + -7.
4
Evaluate (-4 - 3 - -4) + -1 - 0.
-4
(-1 - (-6 + 3)) +